{"id":3596,"date":"2016-02-07T09:46:27","date_gmt":"2016-02-07T09:46:27","guid":{"rendered":"https:\/\/urbinavolant.com\/socioculturalUBU\/?page_id=3596"},"modified":"2026-01-19T19:14:05","modified_gmt":"2026-01-19T18:14:05","slug":"inicio","status":"publish","type":"page","link":"https:\/\/urbinavolant.com\/socioculturalUBU\/","title":{"rendered":"Inicio"},"content":{"rendered":"<div class=\"wp-block-image\">\n<figure class=\"aligncenter\"><a href=\"https:\/\/fdtrainingteam.com\/wp-content\/uploads\/la-creativita-nel-business-si-chiama-innovazione-fd-training-team.jpg\"><img loading=\"lazy\" decoding=\"async\" width=\"1000\" height=\"650\" src=\"https:\/\/urbinavolant.com\/socioculturalUBU\/wp-content\/uploads\/2019\/12\/la-creativita-nel-business-si-chiama-innovazione-fd-training-team.jpg\" alt=\"\" class=\"wp-image-4447\" srcset=\"https:\/\/urbinavolant.com\/socioculturalUBU\/wp-content\/uploads\/2019\/12\/la-creativita-nel-business-si-chiama-innovazione-fd-training-team.jpg 1000w, https:\/\/urbinavolant.com\/socioculturalUBU\/wp-content\/uploads\/2019\/12\/la-creativita-nel-business-si-chiama-innovazione-fd-training-team-300x195.jpg 300w, https:\/\/urbinavolant.com\/socioculturalUBU\/wp-content\/uploads\/2019\/12\/la-creativita-nel-business-si-chiama-innovazione-fd-training-team-768x499.jpg 768w\" sizes=\"auto, (max-width: 1000px) 100vw, 1000px\" \/><\/a><\/figure>\n<\/div>\n\n\n<p>Bienvenidos a la asignatura de \u00abEl componente sociocultural en la ense\u00f1anza del espa\u00f1ol como lengua extranjera\u00bb del M\u00e1ster en Ense\u00f1anza del Espa\u00f1ol como lengua Extranjera de la Universidad de Burgos, impartida por <a href=\"http:\/\/urbinavolant.com\/raulurbina\/\" target=\"_blank\" rel=\"noopener noreferrer\">Ra\u00fal Urbina Fonturbel<\/a>.<\/p>\n\n\n\n<p>Esta web es un complemento a la p\u00e1gina oficial de UBUvirtual donde se tiene acceso a las pr\u00e1cticas, calificaciones, etc. En esta p\u00e1gina podr\u00e1s encontrar informaci\u00f3n \u00fatil para el desarrollo de la asignatura: presentaciones, material adicional, bibliograf\u00eda m\u00e1s detallada, etc\u00e9tera.<\/p>\n\n\n\n<p>La asignatura presenta un recorrido que va de la teor\u00eda a la pr\u00e1ctica, con paradas espec\u00edficas en los&nbsp;<strong>marcos de referencia<\/strong>&nbsp;y en la&nbsp;<strong>evaluaci\u00f3n<\/strong>. El objetivo es que los estudiantes comprendan la cultura como un sistema de significados y de normas de interacci\u00f3n, y que desarrolle la capacidad de&nbsp;<strong>interpretar<\/strong>,&nbsp;<strong>actuar<\/strong>&nbsp;y&nbsp;<strong>mediar<\/strong>&nbsp;en contextos reales de ELE.<\/p>\n\n\n\n<p>Al finalizar el curso, el estudiante ser\u00e1 capaz de:<\/p>\n\n\n\n<ul class=\"wp-block-list\">\n<li>Explicar el concepto de cultura y sus caracter\u00edsticas fundamentales, con ejemplos aplicados a ELE.<\/li>\n\n\n\n<li>Analizar la cultura en los marcos MCER, Volumen Complementario y PCIC, y extraer sus implicaciones did\u00e1cticas.<\/li>\n\n\n\n<li>Identificar fen\u00f3menos culturales relevantes para ele y proponer formas de trabajarlos.<\/li>\n\n\n\n<li>Dise\u00f1ar actividades y secuencias did\u00e1cticas que integren lengua y cultura.<\/li>\n\n\n\n<li>Aplicar estrategias de mediaci\u00f3n e instrumentos de evaluaci\u00f3n cultural coherentes con los descriptores.&nbsp;<\/li>\n<\/ul>\n\n\n\n<p><\/p>\n\n\n\n<div class=\"et_lb_module et_lb_column et_lb_resizable\">\n<div class=\"et_lb_module et_lb_new-testimonial\">\n<div class=\"et_lb_module_content clearfix\">\u00a0<\/div>\n<\/div>\n<\/div>\n","protected":false},"excerpt":{"rendered":"<p>Bienvenidos a la asignatura de \u00abEl componente sociocultural en la ense\u00f1anza del espa\u00f1ol como lengua extranjera\u00bb del M\u00e1ster en Ense\u00f1anza del Espa\u00f1ol como lengua Extranjera de la Universidad de Burgos, impartida por Ra\u00fal Urbina Fonturbel. Esta web es un complemento a la p\u00e1gina oficial de UBUvirtual donde se tiene acceso a las pr\u00e1cticas, calificaciones, etc. &hellip; <a href=\"https:\/\/urbinavolant.com\/socioculturalUBU\/\" class=\"more-link\">Sigue leyendo <span class=\"screen-reader-text\">Inicio<\/span><\/a><\/p>\n","protected":false},"author":1,"featured_media":0,"parent":0,"menu_order":0,"comment_status":"closed","ping_status":"closed","template":"","meta":{"jetpack_post_was_ever_published":false,"footnotes":""},"class_list":["post-3596","page","type-page","status-publish","hentry"],"jetpack_sharing_enabled":true,"jetpack_shortlink":"https:\/\/wp.me\/PbrJ5y-W0","_links":{"self":[{"href":"https:\/\/urbinavolant.com\/socioculturalUBU\/wp-json\/wp\/v2\/pages\/3596","targetHints":{"allow":["GET"]}}],"collection":[{"href":"https:\/\/urbinavolant.com\/socioculturalUBU\/wp-json\/wp\/v2\/pages"}],"about":[{"href":"https:\/\/urbinavolant.com\/socioculturalUBU\/wp-json\/wp\/v2\/types\/page"}],"author":[{"embeddable":true,"href":"https:\/\/urbinavolant.com\/socioculturalUBU\/wp-json\/wp\/v2\/users\/1"}],"replies":[{"embeddable":true,"href":"https:\/\/urbinavolant.com\/socioculturalUBU\/wp-json\/wp\/v2\/comments?post=3596"}],"version-history":[{"count":16,"href":"https:\/\/urbinavolant.com\/socioculturalUBU\/wp-json\/wp\/v2\/pages\/3596\/revisions"}],"predecessor-version":[{"id":4811,"href":"https:\/\/urbinavolant.com\/socioculturalUBU\/wp-json\/wp\/v2\/pages\/3596\/revisions\/4811"}],"wp:attachment":[{"href":"https:\/\/urbinavolant.com\/socioculturalUBU\/wp-json\/wp\/v2\/media?parent=3596"}],"curies":[{"name":"wp","href":"https:\/\/api.w.org\/{rel}","templated":true}]}}

<div class="wp-block-image">
<figure class="aligncenter"><a href="https://fdtrainingteam.com/wp-content/uploads/la-creativita-nel-business-si-chiama-innovazione-fd-training-team.jpg"><img loading="lazy" decoding="async" width="1000" height="650" src="https://urbinavolant.com/socioculturalUBU/wp-content/uploads/2019/12/la-creativita-nel-business-si-chiama-innovazione-fd-training-team.jpg" alt="" class="wp-image-4447" srcset="https://urbinavolant.com/socioculturalUBU/wp-content/uploads/2019/12/la-creativita-nel-business-si-chiama-innovazione-fd-training-team.jpg 1000w, https://urbinavolant.com/socioculturalUBU/wp-content/uploads/2019/12/la-creativita-nel-business-si-chiama-innovazione-fd-training-team-300x195.jpg 300w, https://urbinavolant.com/socioculturalUBU/wp-content/uploads/2019/12/la-creativita-nel-business-si-chiama-innovazione-fd-training-team-768x499.jpg 768w" sizes="auto, (max-width: 1000px) 100vw, 1000px" /></a></figure>
</div>


<p>Bienvenidos a la asignatura de «El componente sociocultural en la enseñanza del español como lengua extranjera» del Máster en Enseñanza del Español como lengua Extranjera de la Universidad de Burgos, impartida por <a href="http://urbinavolant.com/raulurbina/" target="_blank" rel="noopener noreferrer">Raúl Urbina Fonturbel</a>.</p>



<p>Esta web es un complemento a la página oficial de UBUvirtual donde se tiene acceso a las prácticas, calificaciones, etc. En esta página podrás encontrar información útil para el desarrollo de la asignatura: presentaciones, material adicional, bibliografía más detallada, etcétera.</p>



<p>La asignatura presenta un recorrido que va de la teoría a la práctica, con paradas específicas en los&nbsp;<strong>marcos de referencia</strong>&nbsp;y en la&nbsp;<strong>evaluación</strong>. El objetivo es que los estudiantes comprendan la cultura como un sistema de significados y de normas de interacción, y que desarrolle la capacidad de&nbsp;<strong>interpretar</strong>,&nbsp;<strong>actuar</strong>&nbsp;y&nbsp;<strong>mediar</strong>&nbsp;en contextos reales de ELE.</p>



<p>Al finalizar el curso, el estudiante será capaz de:</p>



<ul class="wp-block-list">
<li>Explicar el concepto de cultura y sus características fundamentales, con ejemplos aplicados a ELE.</li>



<li>Analizar la cultura en los marcos MCER, Volumen Complementario y PCIC, y extraer sus implicaciones didácticas.</li>



<li>Identificar fenómenos culturales relevantes para ele y proponer formas de trabajarlos.</li>



<li>Diseñar actividades y secuencias didácticas que integren lengua y cultura.</li>



<li>Aplicar estrategias de mediación e instrumentos de evaluación cultural coherentes con los descriptores.&nbsp;</li>
</ul>



<p></p>



<div class="et_lb_module et_lb_column et_lb_resizable">
<div class="et_lb_module et_lb_new-testimonial">
<div class="et_lb_module_content clearfix"> </div>
</div>
</div>

<p>Bienvenidos a la asignatura de «El componente sociocultural en la enseñanza del español como lengua extranjera» del Máster en Enseñanza del Español como lengua Extranjera de la Universidad de Burgos, impartida por Raúl Urbina Fonturbel. Esta web es un complemento a la página oficial de UBUvirtual donde se tiene acceso a las prácticas, calificaciones, etc. &hellip; <a href="https://urbinavolant.com/socioculturalUBU/" class="more-link">Sigue leyendo <span class="screen-reader-text">Inicio</span></a></p>
