{"id":5942,"date":"2016-09-21T08:28:11","date_gmt":"2016-09-21T06:28:11","guid":{"rendered":"http:\/\/urbinavolant.com\/scripta\/?page_id=5942"},"modified":"2016-10-17T17:17:42","modified_gmt":"2016-10-17T15:17:42","slug":"otras-actividades-y-cursos-recibidos","status":"publish","type":"page","link":"https:\/\/urbinavolant.com\/scripta\/otras-actividades-y-cursos-recibidos\/","title":{"rendered":"Otras actividades y cursos recibidos"},"content":{"rendered":"<h3>OTRAS ACTIVIDADES Y M\u00c9RITOS<\/h3>\n<ul>\n<li style=\"text-align: justify;\">Socio fundador de la Organizaci\u00f3n Iberoamericana de Ret\u00f3rica desde 2014.<\/li>\n<li style=\"text-align: justify;\">Profesor tutor en el Plan de Acci\u00f3n Tutorial de la Universidad de Burgos durante el curso acad\u00e9mico 2014-2015 y 2015-2016.<\/li>\n<li style=\"text-align: justify;\">Estancia de investigaci\u00f3n en Argentina, invitado por el Instituto de Ling\u00fc\u00edstica de la Facultad de Filosof\u00eda y Letras de la Universidad de Buenos Aires con Alejandra Vitale, profesora de dicha universidad, desde el 12 de noviembre hasta el 13 de diciembre de 2015. Durante esta estancia, se ha centrado en el estudio de los mecanismos ling\u00fc\u00edstico-ret\u00f3ricos del discurso publicitario en espa\u00f1ol (m\u00e1s espec\u00edficamente, los mecanismos complejos de enunciaci\u00f3n en el texto publicitario desde la perspectiva ret\u00f3rica del ethos, la adecuaci\u00f3n de los conceptos de memoria y comunidad discursiva, procedentes de las teor\u00edas sobre ret\u00f3rica pol\u00edtica de Alejandra Vitale, al discurso publicitario, y an\u00e1lisis de comerciales de publicidad argentina para realizar un estudio contrastado con la publicidad espa\u00f1ola).<\/li>\n<li style=\"text-align: justify;\">Miembro del tribunal de la tesis doctoral de Sara Moreno de Nicol\u00e1s <em>Marco te\u00f3rico-cr\u00edtico del discurso ret\u00f3rica publicitario contempor\u00e1neo<\/em>, dirigida por Tom\u00e1s Albaladejo, defendida en la Universidad Aut\u00f3noma de Madrid el 23 de junio de 2009.<\/li>\n<li style=\"text-align: justify;\">Miembro, como secretario, del tribunal de la tesis doctoral de Mercedes Andr\u00e9s L\u00f3pez <em>La novela del exilio de Mario Benedetti en el aula de ELE<\/em>, dirigida por Antonio \u00c1lvarez Tejedor, defendida en la Universidad de Burgos en enero de 2016.<\/li>\n<li style=\"text-align: justify;\">Evaluador en las siguientes revistas: <em>Cadernos de fraxeolog\u00eda galega<\/em> (Espa\u00f1a), <em>Revista Electr\u00f3nica de Ling\u00fc\u00edstica Aplicada<\/em> (Espa\u00f1a), <em>R\u00e9tor<\/em> (Argentina), <em>Res Rethorica<\/em> (Polonia).<\/li>\n<\/ul>\n<div class=\"page\" title=\"Page 1\"><\/div>\n<h3>CURSOS DE FORMACI\u00d3N RECIBIDOS<\/h3>\n<ul>\n<li>\u00abEnse\u00f1ar en el siglo XXI: estrategias para la ense\u00f1anza on-line\u00bb, impartido por el IFIE de la Universidad de Burgos el 21 de junio de 2013. 2 horas de duraci\u00f3n.<\/li>\n<li><\/li>\n<\/ul>\n<p>&nbsp;<\/p>\n","protected":false},"excerpt":{"rendered":"<p>OTRAS ACTIVIDADES Y M\u00c9RITOS Socio fundador de la Organizaci\u00f3n Iberoamericana de Ret\u00f3rica desde 2014. Profesor tutor en el Plan de Acci\u00f3n Tutorial de la Universidad de Burgos durante el curso acad\u00e9mico 2014-2015 y 2015-2016. Estancia de investigaci\u00f3n en Argentina, invitado por el Instituto de Ling\u00fc\u00edstica de la Facultad de Filosof\u00eda y Letras de la Universidad [&hellip;]<\/p>\n","protected":false},"author":1,"featured_media":0,"parent":0,"menu_order":0,"comment_status":"closed","ping_status":"closed","template":"","meta":{"_exactmetrics_skip_tracking":false,"_exactmetrics_sitenote_active":false,"_exactmetrics_sitenote_note":"","_exactmetrics_sitenote_category":0,"jetpack_post_was_ever_published":false,"footnotes":""},"class_list":["post-5942","page","type-page","status-publish","hentry"],"jetpack_sharing_enabled":true,"jetpack_shortlink":"https:\/\/wp.me\/P3zkbD-1xQ","_links":{"self":[{"href":"https:\/\/urbinavolant.com\/scripta\/wp-json\/wp\/v2\/pages\/5942","targetHints":{"allow":["GET"]}}],"collection":[{"href":"https:\/\/urbinavolant.com\/scripta\/wp-json\/wp\/v2\/pages"}],"about":[{"href":"https:\/\/urbinavolant.com\/scripta\/wp-json\/wp\/v2\/types\/page"}],"author":[{"embeddable":true,"href":"https:\/\/urbinavolant.com\/scripta\/wp-json\/wp\/v2\/users\/1"}],"replies":[{"embeddable":true,"href":"https:\/\/urbinavolant.com\/scripta\/wp-json\/wp\/v2\/comments?post=5942"}],"version-history":[{"count":4,"href":"https:\/\/urbinavolant.com\/scripta\/wp-json\/wp\/v2\/pages\/5942\/revisions"}],"predecessor-version":[{"id":5949,"href":"https:\/\/urbinavolant.com\/scripta\/wp-json\/wp\/v2\/pages\/5942\/revisions\/5949"}],"wp:attachment":[{"href":"https:\/\/urbinavolant.com\/scripta\/wp-json\/wp\/v2\/media?parent=5942"}],"curies":[{"name":"wp","href":"https:\/\/api.w.org\/{rel}","templated":true}]}}

<h3>OTRAS ACTIVIDADES Y MÉRITOS</h3>
<ul>
<li style="text-align: justify;">Socio fundador de la Organización Iberoamericana de Retórica desde 2014.</li>
<li style="text-align: justify;">Profesor tutor en el Plan de Acción Tutorial de la Universidad de Burgos durante el curso académico 2014-2015 y 2015-2016.</li>
<li style="text-align: justify;">Estancia de investigación en Argentina, invitado por el Instituto de Lingüística de la Facultad de Filosofía y Letras de la Universidad de Buenos Aires con Alejandra Vitale, profesora de dicha universidad, desde el 12 de noviembre hasta el 13 de diciembre de 2015. Durante esta estancia, se ha centrado en el estudio de los mecanismos lingüístico-retóricos del discurso publicitario en español (más específicamente, los mecanismos complejos de enunciación en el texto publicitario desde la perspectiva retórica del ethos, la adecuación de los conceptos de memoria y comunidad discursiva, procedentes de las teorías sobre retórica política de Alejandra Vitale, al discurso publicitario, y análisis de comerciales de publicidad argentina para realizar un estudio contrastado con la publicidad española).</li>
<li style="text-align: justify;">Miembro del tribunal de la tesis doctoral de Sara Moreno de Nicolás <em>Marco teórico-crítico del discurso retórica publicitario contemporáneo</em>, dirigida por Tomás Albaladejo, defendida en la Universidad Autónoma de Madrid el 23 de junio de 2009.</li>
<li style="text-align: justify;">Miembro, como secretario, del tribunal de la tesis doctoral de Mercedes Andrés López <em>La novela del exilio de Mario Benedetti en el aula de ELE</em>, dirigida por Antonio Álvarez Tejedor, defendida en la Universidad de Burgos en enero de 2016.</li>
<li style="text-align: justify;">Evaluador en las siguientes revistas: <em>Cadernos de fraxeología galega</em> (España), <em>Revista Electrónica de Lingüística Aplicada</em> (España), <em>Rétor</em> (Argentina), <em>Res Rethorica</em> (Polonia).</li>
</ul>
<div class="page" title="Page 1"></div>
<h3>CURSOS DE FORMACIÓN RECIBIDOS</h3>
<ul>
<li>«Enseñar en el siglo XXI: estrategias para la enseñanza on-line», impartido por el IFIE de la Universidad de Burgos el 21 de junio de 2013. 2 horas de duración.</li>
<li></li>
</ul>
<p>&nbsp;</p>

<p>OTRAS ACTIVIDADES Y MÉRITOS Socio fundador de la Organización Iberoamericana de Retórica desde 2014. Profesor tutor en el Plan de Acción Tutorial de la Universidad de Burgos durante el curso académico 2014-2015 y 2015-2016. Estancia de investigación en Argentina, invitado por el Instituto de Lingüística de la Facultad de Filosofía y Letras de la Universidad [&hellip;]</p>
