{"id":106,"date":"2020-11-23T09:45:52","date_gmt":"2020-11-23T09:45:52","guid":{"rendered":"https:\/\/urbinavolant.com\/redaccionyescrituraacademica\/?page_id=106"},"modified":"2020-11-23T17:51:32","modified_gmt":"2020-11-23T17:51:32","slug":"bibliografia","status":"publish","type":"page","link":"https:\/\/urbinavolant.com\/redaccionyescrituraacademica\/?page_id=106","title":{"rendered":"Bibliograf\u00eda"},"content":{"rendered":"\n<p>Aqu\u00ed ten\u00e9is unos cuantos libros que pueden resultaros \u00fatiles:<\/p>\n\n\n\n<ul class=\"wp-block-list\"><li>Cassany, D. (2007).\u00a0<em>Afilar el lapicero. Gu\u00eda de redacci\u00f3n para profesionales<\/em>. Anagrama.<\/li><li>Fuentes Rodr\u00edguez, C. (2011).\u00a0<em>Gu\u00eda pr\u00e1ctica de escritura y redacci\u00f3n<\/em>. Espasa.<\/li><li>G\u00f3mez Torrego, L. (2009). Las normas acad\u00e9micas: \u00faltimos cambios. En\u00a0<em>Ortograf\u00eda y Gram\u00e1tica<\/em>. SM.<\/li><li>G\u00f3mez Torrego, L. (2011).\u00a0<em>Hablar y escribir correctamente\u202f: gram\u00e1tica normativa del espa\u00f1ol actual<\/em>\u00a0(4<sup>a<\/sup>). Arco LIbros.<\/li><li>Instituto Cervantes. (2013).\u00a0<em>Las 500 dudas m\u00e1s frecuentes del espa\u00f1ol<\/em>\u00a0(5<sup>a<\/sup>). Espasa.<\/li><li>Montol\u00edo, E. (Ed.). (2018).\u00a0<em>Manual de escritura acad\u00e9mica y profesional (vol. I y II): Estrategias gramaticales y discursivas<\/em>. Ariel.<\/li><li>Fuentes Rodr\u00edguez, C. (2011).\u00a0<em>Gu\u00eda pr\u00e1ctica de escritura y redacci\u00f3n<\/em>. Espasa.<\/li><li>Pinker, S., &amp; Calles Vales, J. (2019).\u00a0<em>El sentido del Estilo\u202f: La gu\u00eda de escritura del pensador del siglo XXI<\/em>. Capitan Swing.<\/li><li>Real Academia Espa\u00f1ola \u2013 Asociaci\u00f3n de Academias de la Lengua Espa\u00f1ola. (2013).\u00a0<em>El buen uso del espa\u00f1ol<\/em>. Espasa.<\/li><li>Real Academia Espa\u00f1ola \u2013 Asociaci\u00f3n de Academias de la Lengua Espa\u00f1ola. (2018).\u00a0<em>Libro de estilo de la lengua espa\u00f1ola seg\u00fan la norma panhisp\u00e1nica<\/em>. Espasa.<\/li><li>Real Academia Espa\u00f1ola \u2013 Asociaci\u00f3n de Academias de la Lengua Espa\u00f1ola. (2010).\u00a0<em>Ortograf\u00eda de la lengua espa\u00f1ola<\/em>. Espasa-Calpe.<\/li><li>Regueiro Rodr\u00edguez, M. L., &amp; S\u00e1ez Rivera, D. M. (2013).\u00a0<em>El espa\u00f1ol acad\u00e9mico. Gu\u00eda pr\u00e1ctica para la elaboraci\u00f3n de textos acad\u00e9micos<\/em>. Madrid: Arco Libros.<\/li><li>Reyes, G. (2003).\u00a0<em>C\u00f3mo escribir en espa\u00f1ol<\/em>\u00a0(4<sup>a<\/sup>). Arco Libros.<\/li><li>Serafini, M. T. (2007).\u00a0<em>C\u00f3mo se escribe<\/em>. Paid\u00f3s.<\/li><\/ul>\n","protected":false},"excerpt":{"rendered":"<p>Aqu\u00ed ten\u00e9is unos cuantos libros que pueden resultaros \u00fatiles: Cassany, D. (2007).\u00a0Afilar el lapicero. Gu\u00eda de redacci\u00f3n para profesionales. Anagrama. Fuentes Rodr\u00edguez, C. (2011).\u00a0Gu\u00eda pr\u00e1ctica de escritura y redacci\u00f3n. Espasa. G\u00f3mez Torrego, L. (2009). Las normas acad\u00e9micas: \u00faltimos cambios. En\u00a0Ortograf\u00eda y Gram\u00e1tica. SM. G\u00f3mez Torrego, L. (2011).\u00a0Hablar y escribir correctamente\u202f: gram\u00e1tica normativa del espa\u00f1ol actual\u00a0(4a). &hellip; <a href=\"https:\/\/urbinavolant.com\/redaccionyescrituraacademica\/?page_id=106\" class=\"more-link\">Continuar leyendo<span class=\"screen-reader-text\"> \u00abBibliograf\u00eda\u00bb<\/span><\/a><\/p>\n","protected":false},"author":1,"featured_media":0,"parent":0,"menu_order":0,"comment_status":"closed","ping_status":"closed","template":"","meta":{"footnotes":""},"class_list":["post-106","page","type-page","status-publish","hentry"],"_links":{"self":[{"href":"https:\/\/urbinavolant.com\/redaccionyescrituraacademica\/index.php?rest_route=\/wp\/v2\/pages\/106","targetHints":{"allow":["GET"]}}],"collection":[{"href":"https:\/\/urbinavolant.com\/redaccionyescrituraacademica\/index.php?rest_route=\/wp\/v2\/pages"}],"about":[{"href":"https:\/\/urbinavolant.com\/redaccionyescrituraacademica\/index.php?rest_route=\/wp\/v2\/types\/page"}],"author":[{"embeddable":true,"href":"https:\/\/urbinavolant.com\/redaccionyescrituraacademica\/index.php?rest_route=\/wp\/v2\/users\/1"}],"replies":[{"embeddable":true,"href":"https:\/\/urbinavolant.com\/redaccionyescrituraacademica\/index.php?rest_route=%2Fwp%2Fv2%2Fcomments&post=106"}],"version-history":[{"count":3,"href":"https:\/\/urbinavolant.com\/redaccionyescrituraacademica\/index.php?rest_route=\/wp\/v2\/pages\/106\/revisions"}],"predecessor-version":[{"id":128,"href":"https:\/\/urbinavolant.com\/redaccionyescrituraacademica\/index.php?rest_route=\/wp\/v2\/pages\/106\/revisions\/128"}],"wp:attachment":[{"href":"https:\/\/urbinavolant.com\/redaccionyescrituraacademica\/index.php?rest_route=%2Fwp%2Fv2%2Fmedia&parent=106"}],"curies":[{"name":"wp","href":"https:\/\/api.w.org\/{rel}","templated":true}]}}