{"id":4,"date":"2015-05-21T19:04:55","date_gmt":"2015-05-21T17:04:55","guid":{"rendered":"http:\/\/urbinavolant.com\/raulurbina\/?page_id=4"},"modified":"2026-02-15T11:22:56","modified_gmt":"2026-02-15T09:22:56","slug":"raul-urbina","status":"publish","type":"page","link":"https:\/\/urbinavolant.com\/raulurbina\/","title":{"rendered":"Inicio"},"content":{"rendered":"<div class=\"wp-block-image is-style-rounded\">\n<figure class=\"alignleft size-large is-resized\"><img loading=\"lazy\" decoding=\"async\" width=\"863\" height=\"955\" src=\"https:\/\/urbinavolant.com\/raulurbina\/wp-content\/uploads\/2020\/09\/Foto-Raul-2020-1.png\" alt=\"\" class=\"wp-image-310\" style=\"width:218px;height:241px\" srcset=\"https:\/\/urbinavolant.com\/raulurbina\/wp-content\/uploads\/2020\/09\/Foto-Raul-2020-1.png 863w, https:\/\/urbinavolant.com\/raulurbina\/wp-content\/uploads\/2020\/09\/Foto-Raul-2020-1-271x300.png 271w, https:\/\/urbinavolant.com\/raulurbina\/wp-content\/uploads\/2020\/09\/Foto-Raul-2020-1-768x850.png 768w\" sizes=\"auto, (max-width: 863px) 100vw, 863px\" \/><\/figure>\n<\/div>\n\n\n<p><\/p>\n\n\n\n<p><\/p>\n\n\n\n<p>Bienvenido a mi p\u00e1gina personal, donde puedes encontrar informaci\u00f3n sobre mi actividad acad\u00e9mica, divulgadora e investigadora.<\/p>\n\n\n\n<p>Soy profesor del \u00e1rea de Lengua Espa\u00f1ola en el Departamento de Filolog\u00eda de la\u00a0<strong>Universidad de Burgos<\/strong>. coordino el grupo de investigaci\u00f3n\u00a0<strong>INFORELE<\/strong>\u00a0y soy vocal de comunicaci\u00f3n de\u00a0<strong>ASELE<\/strong>. He sido director del\u00a0<strong>Centro Internacional del Espa\u00f1ol (CIE\u2011UBU)<\/strong>. mi actividad combina investigaci\u00f3n, docencia, innovaci\u00f3n educativa, divulgaci\u00f3n y\u00a0<strong>transferencia de conocimiento<\/strong>.<\/p>\n\n\n\n<h3 class=\"wp-block-heading\">Formaci\u00f3n acad\u00e9mica<\/h3>\n\n\n\n<ul class=\"wp-block-list\">\n<li>Doctor en Filosof\u00eda y Letras (Filolog\u00eda) por Universidad Aut\u00f3noma de Madrid, con la tesis\u00a0<em>Los macroactos literarios de ficci\u00f3n y las relaciones intertextuales diferidas en la constituci\u00f3n de la literatura: a prop\u00f3sito de la literatura medieval<\/em>.<\/li>\n\n\n\n<li>M\u00e1ster universitario en Profesor de Espa\u00f1ol como Segunda Lengua, UNED.<\/li>\n\n\n\n<li>Licenciado en Filolog\u00eda Hisp\u00e1nica, Universidad de Valladolid.<\/li>\n<\/ul>\n\n\n\n<h3 class=\"wp-block-heading\">Estancias e internacionalizaci\u00f3n<\/h3>\n\n\n\n<ul class=\"wp-block-list\">\n<li>Estancia de investigaci\u00f3n en el\u00a0<strong>Instituto de Ling\u00fc\u00edstica<\/strong>\u00a0de la Universidad de Buenos Aires (2015)<\/li>\n\n\n\n<li>Estancia en la\u00a0<strong>Faculty of Medieval &amp; Modern Languages<\/strong>\u00a0de la\u00a0<strong>University of Oxford<\/strong>\u00a0(2022).<\/li>\n\n\n\n<li>Estancia predoctoral en\u00a0<strong>Par\u00eds<\/strong>.<\/li>\n<\/ul>\n\n\n\n<h3 class=\"wp-block-heading\">L\u00edneas de investigaci\u00f3n<\/h3>\n\n\n\n<ul class=\"wp-block-list\">\n<li>Ret\u00f3rica y\u00a0<strong>Argumentaci\u00f3n<\/strong>;\u00a0<strong>Pragm\u00e1tica<\/strong>\u00a0y\u00a0<strong>An\u00e1lisis del Discurso<\/strong>\u00a0aplicados a la\u00a0<strong>publicidad<\/strong>.<\/li>\n\n\n\n<li>\u00a0<strong>Multimodalidad<\/strong>\u00a0y lecturabilidad;\u00a0<strong>alfabetizaci\u00f3n cr\u00edtica<\/strong>\u00a0y comprensi\u00f3n lectora en ELE.<\/li>\n\n\n\n<li>Elementos semi\u00f3ticos, comunicativos y pragm\u00e1tico\u2011discursivos en\u00a0<strong>ficciones audiovisuales<\/strong>\u00a0y\u00a0<strong>redes sociales<\/strong>.<\/li>\n\n\n\n<li>Aspectos\u00a0<strong>normativos y de uso<\/strong>\u00a0de la lengua espa\u00f1ola.<\/li>\n<\/ul>\n\n\n\n<h3 class=\"wp-block-heading\">Proyectos de investigaci\u00f3n<\/h3>\n\n\n\n<ul class=\"wp-block-list\">\n<li><strong>pr\u00e1cticas argumentativas y pragm\u00e1tica de las razones (Parg_Praz)<\/strong>, AEI\u2011FEDER, ref.\u00a0<strong>PGC2018\u2011095941\u2011B\u2011I00<\/strong>\u00a0(2019\u20132021), ip:\u00a0<strong>Hubert Marraud<\/strong>.<\/li>\n\n\n\n<li><strong>translatio<\/strong>: analog\u00eda, equivalencia, polivalencia y transferibilidad como fundamentos ret\u00f3rico\u2011culturales e interdiscursivos del arte de lenguaje, AEI\u2011FEDER, ref.\u00a0<strong>PGC2018\u2011093852\u2011B\u2011I00<\/strong>\u00a0(2019\u20132022), ip:\u00a0<strong>Tom\u00e1s Albaladejo<\/strong>.<\/li>\n\n\n\n<li><strong>jumelage<\/strong>\u00a0de formaci\u00f3n docente univ. (Argelia\u2013Castilla y Le\u00f3n) con\u00a0<strong>FIIAPP<\/strong>.<\/li>\n<\/ul>\n\n\n\n<p><strong>proyectos anteriores<\/strong>:&nbsp;<em>An\u00e1lisis interdiscursivo<\/em>&nbsp;(2007\u20132010);&nbsp;<strong>RETCULT<\/strong>&nbsp;(FFI2010\u201115160, 2010\u20132013);&nbsp;<strong>METAPHORA<\/strong>(FFI2014\u201153391\u2011P, 2016\u20132018).<\/p>\n\n\n\n<h3 class=\"wp-block-heading\">Innovaci\u00f3n docente<\/h3>\n\n\n\n<p>Miembro de los GID de la UBU:\u00a0<strong>Nuevas estrategias para mejorar la comprensi\u00f3n lectora en estudiantes universitarios<\/strong>\u00a0y\u00a0<strong>Experiencias de ense\u00f1anza online (eNOL)<\/strong>.<\/p>\n\n\n\n<h3 class=\"wp-block-heading\">Experiencia y cargos acad\u00e9micos<\/h3>\n\n\n\n<p>Soy responsable local de materia de\u00a0<strong>EBAU<\/strong>\/<strong>PAU<\/strong>\u00a0en \u00abLengua Castellana y Literatura\u00bb. he coordinado el\u00a0<strong>m\u00e1ster online de ELE<\/strong>\u00a0(hasta diciembre de 2020 y ahora desde 2025), he dirigido los\u00a0<strong>Cursos de Extensi\u00f3n Universitaria y Cursos de Verano<\/strong>\u00a0(2012\u20132018) y he sido\u00a0<strong>secretario del Departamento de Filolog\u00eda<\/strong>\u00a0(2014\u20132016). <\/p>\n\n\n\n<p>Presid\u00ed el\u00a0<strong>comit\u00e9 organizador del Congreso Internacional de ASELE, Burgos 2023<\/strong>.<\/p>\n\n\n\n<p>He sido coordinador\u00a0<strong>Erasmus<\/strong>: actual con\u00a0<strong>University College London<\/strong>,\u00a0<strong>University of Exeter<\/strong>\u00a0y\u00a0<strong>Universit\u00e0 degli Studi del Molise<\/strong>. En la actualidad, coordino el programa con la <strong>Universit\u00e0 Roma Tre<\/strong>.<\/p>\n\n\n\n<h2 class=\"wp-block-heading\">Actividad de transferencia<\/h2>\n\n\n\n<p>Imparto cursos de formaci\u00f3n relacionados con la ense\u00f1anza de ELE\/L2 ,las habilidades comunicativas, el uso de la lengua, la publicidad y las nuevas tecnolog\u00edas.<\/p>\n\n\n\n<p>Mi actividad de transferencia incluye una amplia experiencia como formador de profesorado de ELE\/L2 y de docentes de secundaria y universidad en numerosos pa\u00edses de Europa y Am\u00e9rica, en colaboraci\u00f3n con instituciones como el Instituto Cervantes, consejer\u00edas de Educaci\u00f3n en el exterior y distintas universidades. Imparto cursos y talleres sobre publicidad y multimodalidad en el aula de ELE, estrategias de lectura y comprensi\u00f3n textual, integraci\u00f3n de contenidos socioculturales, creatividad y trabajo con textos literarios, as\u00ed como sobre habilidades comunicativas y uso de la lengua en contextos acad\u00e9micos y profesionales.<\/p>\n\n\n\n<p>Escribo un blog personal, <a href=\"http:\/\/www.urbinavolant.com\/verbavolant\/\" target=\"_blank\" rel=\"noreferrer noopener\" aria-label=\" (opens in a new tab)\">VerbaVolant<\/a> y otro blog en el que reflexiono sobre cuestiones acad\u00e9micas, <a rel=\"noreferrer noopener\" aria-label=\"Escribo un blog personal, VerbaVolant y otro blog en el que reflexiono sobre cuestiones acad\u00e9micas, ScriptaManent. (opens in a new tab)\" href=\"http:\/\/urbinavolant.com\/scripta\/\" target=\"_blank\">ScriptaManent<\/a>.<\/p>\n\n\n\n<p>Para m\u00e1s detalles, puedes visitar los apartados de este sitio web.<\/p>\n\n\n\n<p class=\"has-medium-font-size\">Perfiles de investigador<\/p>\n\n\n\n<pre class=\"wp-block-verse\">ORCID: <a rel=\"noreferrer noopener\" aria-label=\"ORCID: 0000-0002-1685-0718.\nResearcherID: K-6358-2014.\nScopus:&nbsp;Scopus Author ID: 55653121800.\nGoogle Acad\u00e9mico.\nAcademia.Edu.\nResearchGate.\n (opens in a new tab)\" href=\"https:\/\/orcid.org\/0000-0002-1685-0718\" target=\"_blank\">0000-0002-1685-0718<\/a>.<br>ResearcherID: <a href=\"http:\/\/www.researcherid.com\/rid\/K-6358-2014\" target=\"_blank\" rel=\"noreferrer noopener\" aria-label=\" (opens in a new tab)\">K-6358-2014<\/a>.<br>Scopus:&nbsp;<a rel=\"noreferrer noopener\" aria-label=\"ORCID: 0000-0002-1685-0718.\nResearcherID: K-6358-2014.\nScopus:&nbsp;Scopus Author ID: 55653121800.\nGoogle Acad\u00e9mico.\nAcademia.Edu.\nResearchGate.\n (opens in a new tab)\" href=\"http:\/\/www.scopus.com\/inward\/authorDetails.url?authorID=55653121800&amp;partnerID=MN8TOARS\" target=\"_blank\">Scopus Author ID: 55653121800.<\/a><br><a rel=\"noreferrer noopener\" aria-label=\"ORCID: 0000-0002-1685-0718.\nResearcherID: K-6358-2014.\nScopus:&nbsp;Scopus Author ID: 55653121800.\nGoogle Acad\u00e9mico.\nAcademia.Edu.\nResearchGate.\n (opens in a new tab)\" href=\"https:\/\/scholar.google.es\/citations?user=kD_3tw0AAAAJ&amp;hl=es\" target=\"_blank\">Google Acad\u00e9mico<\/a>.<br><a rel=\"noreferrer noopener\" aria-label=\"ORCID: 0000-0002-1685-0718.\nResearcherID: K-6358-2014.\nScopus:&nbsp;Scopus Author ID: 55653121800.\nGoogle Acad\u00e9mico.\nAcademia.Edu.\nResearchGate.\n (opens in a new tab)\" href=\"https:\/\/ubu.academia.edu\/Ra\u00falUrbina\" target=\"_blank\">Academia.Edu<\/a>.<br><a rel=\"noreferrer noopener\" aria-label=\"ORCID: 0000-0002-1685-0718.\nResearcherID: K-6358-2014.\nScopus:&nbsp;Scopus Author ID: 55653121800.\nGoogle Acad\u00e9mico.\nAcademia.Edu.\nResearchGate.\n (opens in a new tab)\" href=\"https:\/\/www.researchgate.net\/profile\/Raul_Urbina_Fonturbel\" target=\"_blank\">ResearchGate<\/a>.<br><a href=\"https:\/\/dialnet.unirioja.es\/servlet\/autor?codigo=520874\">Dialnet<\/a>.<\/pre>\n\n\n\n<p class=\"has-medium-font-size\">Direcci\u00f3n y contacto<\/p>\n\n\n\n<p>Para ponerte en contacto conmigo, puedes utilizar los datos que figuran m\u00e1s abajo o rellenar el <a href=\"http:\/\/urbinavolant.com\/raulurbina\/index.php\/contacto\/\" target=\"_blank\" rel=\"noreferrer noopener\" aria-label=\"Para ponerte en contacto conmigo, puedes utilizar los datos que figuran m\u00e1s abajo o rellenar el formulario de contacto de esta p\u00e1gina. (opens in a new tab)\">formulario de contacto<\/a> de esta p\u00e1gina.<\/p>\n\n\n\n<pre class=\"wp-block-verse\">Ra\u00fal Urbina Fonturbel<br>\u00c1rea de Lengua Espa\u00f1ola - Departamento de Filolog\u00eda<br>Facultad de Humanidades y Comunicaci\u00f3n<br>Universidad de Burgos<br>Paseo Comendadores, s\/n<br>09001 Burgos<br>Tel\u00e9fono del despacho: 634 27 68 48 o 947 49 10 37<br>Correo electr\u00f3nico: rurbina(@)ubu.es<br>Cuenta personal de Twitter:&nbsp;<a rel=\"noreferrer noopener\" href=\"https:\/\/twitter.com\/verbavolant\" target=\"_blank\">@verbavolant<\/a><br><\/pre>\n\n\n\n<p><br><\/p>\n\n\n\n<p>(La fotograf\u00eda que se utiliza como cabecera de esta web es de la <em>Stadtbibliothek<\/em> &nbsp;de Stuttgart y pertenece a <a href=\"https:\/\/flic.kr\/p\/B7Avt6\" target=\"_blank\" rel=\"noreferrer noopener\" aria-label=\"(La fotograf\u00eda que se utiliza como cabecera de esta web es de la Stadtbibliothek &nbsp;de Stuttgart y pertenece a Sandra). (opens in a new tab)\">Sandra<\/a>).<\/p>\n","protected":false},"excerpt":{"rendered":"<p>Bienvenido a mi p\u00e1gina personal, donde puedes encontrar informaci\u00f3n sobre mi actividad acad\u00e9mica, divulgadora e investigadora. Soy profesor del \u00e1rea de Lengua Espa\u00f1ola en el Departamento de Filolog\u00eda de la\u00a0Universidad de Burgos. coordino el grupo de investigaci\u00f3n\u00a0INFORELE\u00a0y soy vocal de comunicaci\u00f3n de\u00a0ASELE. He sido director del\u00a0Centro Internacional del Espa\u00f1ol (CIE\u2011UBU). mi actividad combina investigaci\u00f3n, docencia, [&hellip;]<\/p>\n","protected":false},"author":1,"featured_media":0,"parent":0,"menu_order":0,"comment_status":"open","ping_status":"open","template":"","meta":{"jetpack_post_was_ever_published":false,"footnotes":""},"class_list":["post-4","page","type-page","status-publish","hentry"],"jetpack_sharing_enabled":true,"jetpack_shortlink":"https:\/\/wp.me\/P6eotf-4","_links":{"self":[{"href":"https:\/\/urbinavolant.com\/raulurbina\/index.php\/wp-json\/wp\/v2\/pages\/4","targetHints":{"allow":["GET"]}}],"collection":[{"href":"https:\/\/urbinavolant.com\/raulurbina\/index.php\/wp-json\/wp\/v2\/pages"}],"about":[{"href":"https:\/\/urbinavolant.com\/raulurbina\/index.php\/wp-json\/wp\/v2\/types\/page"}],"author":[{"embeddable":true,"href":"https:\/\/urbinavolant.com\/raulurbina\/index.php\/wp-json\/wp\/v2\/users\/1"}],"replies":[{"embeddable":true,"href":"https:\/\/urbinavolant.com\/raulurbina\/index.php\/wp-json\/wp\/v2\/comments?post=4"}],"version-history":[{"count":33,"href":"https:\/\/urbinavolant.com\/raulurbina\/index.php\/wp-json\/wp\/v2\/pages\/4\/revisions"}],"predecessor-version":[{"id":1624,"href":"https:\/\/urbinavolant.com\/raulurbina\/index.php\/wp-json\/wp\/v2\/pages\/4\/revisions\/1624"}],"wp:attachment":[{"href":"https:\/\/urbinavolant.com\/raulurbina\/index.php\/wp-json\/wp\/v2\/media?parent=4"}],"curies":[{"name":"wp","href":"https:\/\/api.w.org\/{rel}","templated":true}]}}